 divisor of 12963 and 29.
29
Calculate the greatest common factor of 935 and 187.
187
What is the highest common divisor of 2279 and 43?
43
Calculate the greatest common factor of 525 and 252.
21
Calculate the highest common factor of 322 and 92.
46
Calculate the highest common divisor of 29 and 203.
29
What is the highest common factor of 25 and 275?
25
Calculate the highest common factor of 836 and 66.
22
What is the highest common factor of 368 and 483?
23
Calculate the greatest common divisor of 42 and 21.
21
What is the highest common divisor of 324 and 84?
12
Calculate the highest common factor of 22 and 6094.
22
Calculate the greatest common factor of 4848 and 96.
48
Calculate the greatest common factor of 3934 and 42.
14
What is the highest common divisor of 12 and 6108?
12
Calculate the highest common factor of 28 and 1204.
28
Calculate the greatest common divisor of 8150 and 100.
50
Calculate the greatest common factor of 4717 and 89.
89
Calculate the highest common factor of 2058 and 42.
42
What is the highest common divisor of 16 and 46?
2
What is the greatest common divisor of 99 and 473?
11
What is the greatest common divisor of 788 and 68?
4
What is the highest common divisor of 138 and 184?
46
Calculate the greatest common factor of 42 and 3878.
14
Calculate the highest common divisor of 252 and 72.
36
Calculate the highest common divisor of 416 and 884.
52
Calculate the highest common divisor of 10 and 490.
10
What is the greatest common divisor of 4 and 362?
2
What is the highest common factor of 320 and 280?
40
What is the greatest common divisor of 462 and 1155?
231
Calculate the highest common factor of 6613 and 17.
17
What is the greatest common factor of 68 and 1411?
17
What is the highest common divisor of 7711 and 22?
11
What is the highest common divisor of 27948 and 51?
51
Calculate the highest common divisor of 1751 and 34.
17
What is the greatest common divisor of 2704 and 48?
16
What is the highest common divisor of 42 and 2541?
21
Calculate the highest common factor of 41 and 6847.
41
Calculate the highest common divisor of 38152 and 19.
19
Calculate the greatest common divisor of 66 and 154.
22
What is the highest common factor of 564 and 24?
12
Calculate the greatest common divisor of 105 and 11025.
105
What is the greatest common factor of 39 and 11?
1
What is the highest common divisor of 59 and 1711?
59
What is the highest common divisor of 156 and 1222?
26
Calculate the highest common divisor of 496 and 1674.
62
Calculate the greatest common factor of 216 and 387.
9
Calculate the highest common factor of 60 and 1660.
20
What is the greatest common factor of 96 and 108?
12
What is the highest common divisor of 722 and 38?
38
What is the greatest common factor of 36 and 5508?
36
Calculate the highest common factor of 23 and 30383.
23
Calculate the greatest common factor of 22 and 891.
11
What is the highest common divisor of 56 and 8?
8
Calculate the highest common divisor of 589 and 684.
19
What is the greatest common divisor of 19825 and 244?
61
Calculate the highest common factor of 504 and 5103.
63
Calculate the highest common divisor of 326 and 44662.
326
What is the highest common factor of 3 and 4569?
3
What is the greatest common factor of 256 and 160?
32
What is the highest common divisor of 90 and 470?
10
What is the highest common divisor of 340 and 204?
68
Calculate the highest common divisor of 41 and 451.
41
Calculate the highest common factor of 1083 and 38.
19
What is the highest common divisor of 31577 and 7?
7
What is the greatest common divisor of 104 and 40?
8
Calculate the greatest common divisor of 16071 and 99.
33
What is the highest common factor of 17 and 17561?
17
What is the highest common factor of 93 and 403?
31
Calculate the greatest common divisor of 20 and 6340.
20
Calculate the greatest common factor of 1176 and 24.
24
Calculate the greatest common factor of 4168 and 40.
8
What is the greatest common divisor of 697 and 123?
41
Calculate the greatest common factor of 2266 and 55.
11
What is the greatest common factor of 414 and 18?
18
What is the greatest common divisor of 1820 and 56?
28
What is the highest common divisor of 351 and 58617?
351
Calculate the greatest common divisor of 64 and 544.
32
What is the greatest common factor of 4 and 193?
1
What is the highest common divisor of 3811 and 148?
37
Calculate the greatest common factor of 111 and 555.
111
What is the greatest common divisor of 26 and 598?
26
Calculate the greatest common factor of 3430 and 105.
35
What is the highest common factor of 21 and 532?
7
Calculate the highest common factor of 38 and 608.
38
What is the highest common divisor of 14 and 1414?
14
Calculate the highest common factor of 23 and 2047.
23
Calculate the highest common factor of 126 and 42.
42
Calculate the highest common divisor of 1010 and 909.
101
Calculate the highest common divisor of 210 and 378.
42
Calculate the highest common divisor of 846 and 90.
18
Calculate the greatest common factor of 970 and 180.
10
What is the highest common factor of 72 and 27?
9
What is the greatest common divisor of 120 and 1872?
24
Calculate the highest common factor of 22 and 2354.
22
Calculate the highest common divisor of 154 and 1134.
14
What is the greatest common factor of 19217 and 33?
11
What is the highest common factor of 903 and 21?
21
Calculate the highest common divisor of 3 and 81.
3
Calculate the greatest common divisor of 4511 and 13.
13
Calculate the highest common divisor of 927 and 54.
9
What is the highest common divisor of 459 and 63?
9
Calculate the highest common factor of 32 and 2.
2
What is the highest common factor of 56 and 105?
7
Calculate the highest common divisor of 11506 and 22.
22
What is the greatest common factor of 23 and 2?
1
Calculate the highest common factor of 966 and 552.
138
What is the highest common factor of 23556 and 78?
78
What is the highest common divisor of 8 and 9?
1
Calculate the greatest common divisor of 11 and 869.
11
Calculate the greatest common factor of 589 and 38.
19
What is the highest common factor of 10395 and 33?
33
Calculate the highest common divisor of 240 and 6990.
30
Calculate the highest common factor of 36 and 84.
12
What is the highest common factor of 2569 and 7?
7
What is the greatest common factor of 336 and 192?
48
What is the highest common factor of 850 and 2890?
170
Calculate the greatest common factor of 20 and 36.
4
Calculate the greatest common factor of 268 and 335.
67
What is the highest common divisor of 602 and 473?
43
Calculate the highest common factor of 16498 and 226.
226
What is the highest common factor of 23814 and 49?
49
Calculate the greatest common divisor of 21 and 102.
3
What is the greatest common divisor of 1190 and 238?
238
Calculate the greatest common divisor of 4605 and 15.
15
Calculate the highest common divisor of 42 and 21.
21
Calculate the highest common factor of 12837 and 33.
33
What is the greatest common factor of 5088 and 96?
96
Calculate the greatest common factor of 80696 and 77.
77
What is the highest common divisor of 5929 and 49?
49
What is the greatest common factor of 12 and 17916?
12
What is the highest common divisor of 1342 and 244?
122
What is the greatest common factor of 65 and 91?
13
Calculate the highest common factor of 156 and 416.
52
Calculate the highest common factor of 136 and 184.
8
Calculate the greatest common divisor of 170 and 136.
34
What is the greatest common divisor of 38787 and 42?
21
What is the highest common factor of 10 and 965?
5
What is the highest common factor of 1776 and 48?
48
Calculate the highest common factor of 875 and 8400.
175
Calculate the highest common factor of 2163 and 168.
21
What is the highest common divisor of 3012 and 192?
12
Calculate the highest common divisor of 612 and 2108.
68
What is the greatest common divisor of 54 and 351?
27
What is the greatest common factor of 37 and 185?
37
What is the greatest common factor of 522 and 27?
9
Calculate the greatest common divisor of 1122 and 918.
102
Calculate the highest common factor of 2027 and 1.
1
Calculate the highest common divisor of 116 and 522.
58
Calculate the greatest common factor of 899 and 261.
29
What is the greatest com